emainder when 83 is divided by x?
27
Let o(f) = 37*f - 83. What is the remainder when o(11) is divided by 65?
64
Suppose 6*x - 420 = -288. Calculate the remainder when 43 is divided by x.
21
Let z = -5 + 27. Calculate the remainder when z is divided by 12.
10
Suppose -159 = -4*r - 0*p - 3*p, -3*r + 120 = 3*p. Suppose l - 3*d - 205 = 0, -2*l - 6*d = -d - 366. Calculate the remainder when l is divided by r.
37
Let i = -149 + 223. Calculate the remainder when i is divided by 15.
14
Let c(t) = -t**3 - 7*t**2 - 18*t - 186. Calculate the remainder when 46 is divided by c(-8).
2
Calculate the remainder when 46 is divided by (-27 - -19)*1/((-2)/5).
6
Let t be 5/(0 + 5) + (1 - -13). Suppose -k = -t - 6. What is the remainder when k is divided by 8?
5
Let l(s) = 4*s + 1. Let k(y) = 1 - 13 + 1 - 2*y + 5*y. Let m be k(6). What is the remainder when l(m) is divided by 11?
7
Let m = 2231 + -1564. What is the remainder when m is divided by 56?
51
Let p(j) = 2*j**2 + 26*j - 3. Let a be p(-13). Calculate the remainder when (-154)/a - -1 - (-2)/(-6) is divided by 28.
24
Let p(t) = 1235*t**2 + 24*t - 1. What is the remainder when p(1) is divided by 15?
13
What is the remainder when 74 is divided by (338/9)/2 + 46/207?
17
Calculate the remainder when 25 is divided by (-22)/2*4*(-7)/28.
3
Let q(f) = 2*f**2 - 7*f + 5. Let p = -9 + 15. Suppose p = 4*x - 5*o - 5, -2*o + 10 = 2*x. Calculate the remainder when 33 is divided by q(x).
6
Let p(a) = -a**3 + 7*a**2 + 3*a - 9. Suppose 231*q - 152 = 223*q. What is the remainder when q is divided by p(7)?
7
Suppose 0 = -16*b + 19*b + 1017. Let g = -184 - b. Suppose 314 = 2*c - 2*x + 6*x, 3*x - g = -c. What is the remainder when c is divided by 41?
38
Let l = -183 - -239. Calculate the remainder when l is divided by 4.
0
Let y be 2*2*1/2. Let m(u) = u - 2*u - u**y + 0*u + 62. What is the remainder when m(0) is divided by 16?
14
Let o = -8 + 11. Suppose -i + o*i = 0. Suppose -5*y + 2 + 3 = i. What is the remainder when y is divided by 1?
0
Suppose 0 = -6*p + 4*p + 18. Let g be p/6*24/18. Suppose 3*x + 87 = 3*k, 52 = 2*k - 3*x - g*x. What is the remainder when 59 is divided by k?
28
Suppose 3*u = 5*c + 271, 75 + 296 = 4*u + 3*c. Calculate the remainder when u is divided by 19.
16
Let w = -222 + 230. Suppose -2*h = -138 + 30. Calculate the remainder when h is divided by w.
6
Let f = 61 + -59. Calculate the remainder when 15 is divided by ((-9)/f)/(3/(-12)*2).
6
Suppose -7*z = -3*z + 112. Let a = 58 + z. Let t = a + -17. Calculate the remainder when t is divided by 5.
3
What is the remainder when 329 is divided by 2 - -218*6/12?
107
Suppose 6073 = 32*r - 50983. Calculate the remainder when r is divided by 47.
44
Suppose 2*z - 59 = -13. Suppose -5*u = -27 - z. Let d = u - -7. What is the remainder when 32 is divided by d?
15
Let t = 80 + -70. Calculate the remainder when 12 is divided by t.
2
Suppose 4*d = 2*r + 4, -5*r = 13 - 33. Suppose 4*c - 24 = -3*y, 2*c - d*c + y + 6 = 0. What is the remainder when ((-252)/56)/((-1)/2) is divided by c?
3
Suppose -24 = 3*j - 2*u, -4*j + 3*u - 2*u = 27. Let m = 18 + j. Calculate the remainder when 19 is divided by m.
7
Let t be ((-44)/(-12) - 4)*-162. Calculate the remainder when 13 is divided by 72/t*15/2.
3
Suppose -170 = 495*c - 500*c. Calculate the remainder when c is divided by 16.
2
Let o(v) = 3*v**2 - 4*v + 13. What is the remainder when o(9) is divided by 37?
35
Suppose 302*y = 298*y + 20. Calculate the remainder when 2 + -3 - (-34)/2 is divided by y.
1
Suppose 7*q = 15*q - 504. Suppose -3*d + 56 = 5*l, 0 = -7*l + 2*l - 10. Calculate the remainder when q is divided by d.
19
Let g = -23 + -20. Let r = g - -48. What is the remainder when 8 is divided by r?
3
Let j = 253 + -242. Calculate the remainder when 75 is divided by j.
9
Suppose -11*t - 170 = -13*t. Let j = t - 70. Let r = 58 - -1. What is the remainder when r is divided by j?
14
Let p be (-9)/(-4) + 2/(-8). What is the remainder when 33 - 6 - (-2 - -4) is divided by (-200)/(-15) + p/3?
11
Suppose -d + 0*t + t - 1 = 0, -5*d = 5*t - 5. Suppose -57 = -d*c - 3*c. Calculate the remainder when c is divided by 7.
5
Let a(y) = 99*y**2 - 8 - 2*y + 2*y + 9 - y. Let o be a(1). Suppose -4*g - o = -5*s, 4*s = 4*g + 51 + 29. Calculate the remainder when 36 is divided by s.
17
Suppose 2*w - 122 = 2*b, -5*w + 2*b + 85 + 205 = 0. What is the remainder when w is divided by 30?
26
Let c be -7 - 198/(-30) - (-244)/10. Suppose c = 22*p - 19*p. Calculate the remainder when p is divided by 3.
2
What is the remainder when 2328 is divided by ((252/27)/(6/27))/2?
18
Suppose 312 = 8*r - 120. Calculate the remainder when r is divided by 41.
13
Let k = 77 - 266. Let i = -174 - k. What is the remainder when i is divided by 44/10 - 2/5?
3
What is the remainder when ((-152)/(-16) - 8)*(-34)/(-3) is divided by 11?
6
Let p(o) = -13*o - 6. Calculate the remainder when 339 is divided by p(-2).
19
Let u(w) = w**3 + 10*w**2 + w + 107. What is the remainder when u(-9) is divided by 45?
44
Let w = 94 - 81. Let g(a) be the second derivative of a**4/6 + a**3/3 + a**2 + 2*a. Calculate the remainder when g(-6) is divided by w.
10
Let p(s) = s**3 - 8*s**2 + 14*s - 31. Calculate the remainder when 89 is divided by p(7).
17
Let q be 2/(-3) - ((-4)/6 - 0). Suppose -9*o = -q*o - 108. What is the remainder when 57 is divided by o?
9
Suppose 84*h - 90*h = -420. What is the remainder when 344 is divided by h?
64
Suppose 423*x + 640 = 428*x. Calculate the remainder when x is divided by 56.
16
Suppose y - 320 = -4*s, -175 - 225 = -5*s + y. Suppose -6*a = -a - s. What is the remainder when a is divided by 6?
4
Let f = -19 + 8. Let x = f + 33. Let y = 127 + -85. What is the remainder when y is divided by x?
20
Let s be (-1)/4 + (-17)/(-4). Let z(w) = 2*w - 12. Let l be z(6). What is the remainder when 31 is divided by s - 12/(l - 1)?
15
Suppose 79 = b + 4*x, 2*x + 0*x + 262 = 4*b. Calculate the remainder when 263 is divided by b.
62
Let t = -25 - -39. Suppose -3*j - 2*c = -203, -1 = c - 2. What is the remainder when j is divided by t?
11
Suppose 0*j - x - 22 = -j, 2*x + 2 = 0. Calculate the remainder when 75 is divided by j.
12
Let p(n) = n + 34. Calculate the remainder when 124 is divided by p(10).
36
Let q be ((-2)/1 - 4)*-1. Let o(l) = -l**2 + 7*l + 4. Suppose -7 - 591 = -23*r. What is the remainder when r is divided by o(q)?
6
Let n(q) = 2*q**2 - 3*q + 3. Let m be n(2). Suppose 29 = m*p - 61. Suppose g = 5*g - 136. What is the remainder when g is divided by p?
16
Let u(v) = 6*v**2 - 24*v + 16. Calculate the remainder when 167 is divided by u(5).
29
Suppose -q = 4*b - 38, -9*q + 4*q + 4*b + 94 = 0. What is the remainder when 70 is divided by q?
4
Suppose -3*p + 0*p + 12 = 0. Let f = -307 + 357. Suppose h + 3*o - 15 = 4*o, 2*o = p*h - f. What is the remainder when 18 is divided by h?
8
Suppose 5*i = 5*h - 500, 5*h = 2*i + 118 + 370. Calculate the remainder when h is divided by 14.
12
Suppose -12*l - 177 = -825. Suppose -5*k = 10, 0 = 4*u + 3*k - l. Calculate the remainder when 24 is divided by u.
9
Suppose 10*s = 20*s + 60. Let l(q) = 0 + 2*q**3 - 2*q - 3*q**3 - 8 - 5*q**2. Calculate the remainder when l(s) is divided by 21.
19
Suppose 0*y - 4*y = -k, 0 = -k + 3*y. Suppose 80 = 4*u - k*u. Suppose -22 = -3*j + j. What is the remainder when u is divided by j?
9
Suppose -2*a = -15 - 9. Let q = 147 - 77. What is the remainder when q is divided by a?
10
Let u be 4 + (-4)/(12/(-33)). Suppose 2*n = 3*n - u. Calculate the remainder when 132 is divided by n.
12
Let r(n) = 3*n - 4. Let x be r(8). Suppose -m = -5 + x. Calculate the remainder when 105 is divided by m/(-10) + 102/4.
24
Let p = -3 - -5. Suppose 8*f - 126 = p*f. Calculate the remainder when f is divided by 13.
8
Let d(t) = t - 12. Let f be d(14). Suppose -f*c = -10, -a + 37 = 6*c - 3*c. Suppose -a = -5*u + 48. Calculate the remainder when 38 is divided by u.
10
Let a = 107 - 9. Calculate the remainder when a is divided by 33.
32
Let z = -300 + 329. What is the remainder when 315 is divided by z?
25
Suppose -3*q = 9 - 309. What is the remainder when q is divided by 36?
28
Suppose 2*i - 180 = -5*s + 4*i, -4*s - 2*i + 126 = 0. What is the remainder when s is divided by 18?
16
Let f be ((-3)/9)/(25/30 + -1). Calculate the remainder